{"id":11,"date":"2023-06-18T16:55:29","date_gmt":"2023-06-18T16:55:29","guid":{"rendered":"https:\/\/xn--luli-kchenmontage-72b.de\/?page_id=11"},"modified":"2025-09-15T18:57:47","modified_gmt":"2025-09-15T18:57:47","slug":"impressum","status":"publish","type":"page","link":"https:\/\/xn--luli-kchenmontage-72b.de\/?page_id=11","title":{"rendered":"Impressum"},"content":{"rendered":"\t\t<div data-elementor-type=\"wp-page\" data-elementor-id=\"11\" class=\"elementor elementor-11\" data-elementor-post-type=\"page\">\n\t\t\t\t\t\t<section class=\"elementor-section elementor-top-section elementor-element elementor-element-f9c423f elementor-section-boxed elementor-section-height-default elementor-section-height-default\" data-id=\"f9c423f\" data-element_type=\"section\" data-e-type=\"section\">\n\t\t\t\t\t\t<div class=\"elementor-container elementor-column-gap-default\">\n\t\t\t\t\t<div class=\"elementor-column elementor-col-100 elementor-top-column elementor-element elementor-element-65221e8\" data-id=\"65221e8\" data-element_type=\"column\" data-e-type=\"column\">\n\t\t\t<div class=\"elementor-widget-wrap elementor-element-populated\">\n\t\t\t\t\t\t<div class=\"elementor-element elementor-element-040d4b9 elementor-widget elementor-widget-text-editor\" data-id=\"040d4b9\" data-element_type=\"widget\" data-e-type=\"widget\" data-widget_type=\"text-editor.default\">\n\t\t\t\t<div class=\"elementor-widget-container\">\n\t\t\t\t\t\t\t\t\t<p>Impressum<br \/>Luli M\u00f6bel &amp; K\u00fcchenmontage<br \/>Karl-Schloemer-Stra\u00dfe 14<br \/>58791 Werdohl<br \/>Deutschland<\/p><p>Vertreten durch:<br \/>Lulzim Ibrahimi<\/p><p>Kontakt<br \/>+49 1575 1775113<\/p><p>E-Mail: lulzim.iibrahimi@hotmail.com<\/p><p>Handelsregister-Nr.: &#8212;<\/p><p>Berufsbezeichnung und berufsrechtliche Regelungen<br \/>Berufsbezeichnung:<br \/>M\u00f6bel &amp; K\u00fcchenmontage<br \/>Verliehen in: Germany<\/p><p>Redaktionell verantwortlich<br \/>Luli M\u00f6bel &amp; K\u00fcchenmontage<\/p><p><br \/>EU-Streitschlichtung<br \/>Die Europ\u00e4ische Kommission stellt eine Plattform zur Online-Streitbeilegung (OS) bereit: https:\/\/ec.europa.eu\/consumers\/odr\/. Unsere E-Mail-Adresse finden Sie oben im Impressum.<\/p><p>Verbraucher\u00adstreit\u00adbeilegung\/Universal\u00adschlichtungs\u00adstelle<br \/>Wir sind nicht bereit oder verpflichtet, an Streitbeilegungsverfahren vor einer Verbraucherschlichtungsstelle<\/p>\t\t\t\t\t\t\t\t<\/div>\n\t\t\t\t<\/div>\n\t\t\t\t\t<\/div>\n\t\t<\/div>\n\t\t\t\t\t<\/div>\n\t\t<\/section>\n\t\t\t\t<\/div>\n\t\t","protected":false},"excerpt":{"rendered":"<p>ImpressumLuli M\u00f6bel &amp; K\u00fcchenmontageKarl-Schloemer-Stra\u00dfe 1458791 WerdohlDeutschland Vertreten durch:Lulzim Ibrahimi Kontakt+49 1575 1775113 E-Mail: lulzim.iibrahimi@hotmail.com Handelsregister-Nr.: &#8212; Berufsbezeichnung und berufsrechtliche RegelungenBerufsbezeichnung:M\u00f6bel &amp; K\u00fcchenmontageVerliehen in: Germany Redaktionell verantwortlichLuli M\u00f6bel &amp; K\u00fcchenmontage EU-StreitschlichtungDie Europ\u00e4ische Kommission stellt eine Plattform zur Online-Streitbeilegung (OS) bereit: https:\/\/ec.europa.eu\/consumers\/odr\/. Unsere E-Mail-Adresse finden Sie oben im Impressum. Verbraucher\u00adstreit\u00adbeilegung\/Universal\u00adschlichtungs\u00adstelleWir sind nicht bereit oder verpflichtet, an Streitbeilegungsverfahren [&hellip;]<\/p>\n","protected":false},"author":1,"featured_media":0,"parent":0,"menu_order":0,"comment_status":"closed","ping_status":"closed","template":"","meta":{"footnotes":""},"class_list":["post-11","page","type-page","status-publish","hentry"],"yoast_head":"<!-- This site is optimized with the Yoast SEO plugin v27.4 - https:\/\/yoast.com\/product\/yoast-seo-wordpress\/ -->\n<title>Impressum - Luli M\u00f6bel &amp; K\u00fcchenmontage<\/title>\n<meta name=\"robots\" content=\"index, follow, max-snippet:-1, max-image-preview:large, max-video-preview:-1\" \/>\n<link rel=\"canonical\" href=\"https:\/\/xn--luli-kchenmontage-72b.de\/?page_id=11\" \/>\n<meta property=\"og:locale\" content=\"en_US\" \/>\n<meta property=\"og:type\" content=\"article\" \/>\n<meta property=\"og:title\" content=\"Impressum - Luli M\u00f6bel &amp; K\u00fcchenmontage\" \/>\n<meta property=\"og:description\" content=\"ImpressumLuli M\u00f6bel &amp; K\u00fcchenmontageKarl-Schloemer-Stra\u00dfe 1458791 WerdohlDeutschland Vertreten durch:Lulzim Ibrahimi Kontakt+49 1575 1775113 E-Mail: lulzim.iibrahimi@hotmail.com Handelsregister-Nr.: &#8212; Berufsbezeichnung und berufsrechtliche RegelungenBerufsbezeichnung:M\u00f6bel &amp; K\u00fcchenmontageVerliehen in: Germany Redaktionell verantwortlichLuli M\u00f6bel &amp; K\u00fcchenmontage EU-StreitschlichtungDie Europ\u00e4ische Kommission stellt eine Plattform zur Online-Streitbeilegung (OS) bereit: https:\/\/ec.europa.eu\/consumers\/odr\/. Unsere E-Mail-Adresse finden Sie oben im Impressum. Verbraucher\u00adstreit\u00adbeilegung\/Universal\u00adschlichtungs\u00adstelleWir sind nicht bereit oder verpflichtet, an Streitbeilegungsverfahren [&hellip;]\" \/>\n<meta property=\"og:url\" content=\"https:\/\/xn--luli-kchenmontage-72b.de\/?page_id=11\" \/>\n<meta property=\"og:site_name\" content=\"Luli M\u00f6bel &amp; K\u00fcchenmontage\" \/>\n<meta property=\"article:modified_time\" content=\"2025-09-15T18:57:47+00:00\" \/>\n<meta name=\"twitter:card\" content=\"summary_large_image\" \/>\n<script type=\"application\/ld+json\" class=\"yoast-schema-graph\">{\"@context\":\"https:\\\/\\\/schema.org\",\"@graph\":[{\"@type\":\"WebPage\",\"@id\":\"https:\\\/\\\/xn--luli-kchenmontage-72b.de\\\/?page_id=11\",\"url\":\"https:\\\/\\\/xn--luli-kchenmontage-72b.de\\\/?page_id=11\",\"name\":\"Impressum - Luli M\u00f6bel &amp; K\u00fcchenmontage\",\"isPartOf\":{\"@id\":\"https:\\\/\\\/xn--luli-kchenmontage-72b.de\\\/#website\"},\"datePublished\":\"2023-06-18T16:55:29+00:00\",\"dateModified\":\"2025-09-15T18:57:47+00:00\",\"breadcrumb\":{\"@id\":\"https:\\\/\\\/xn--luli-kchenmontage-72b.de\\\/?page_id=11#breadcrumb\"},\"inLanguage\":\"en-US\",\"potentialAction\":[{\"@type\":\"ReadAction\",\"target\":[\"https:\\\/\\\/xn--luli-kchenmontage-72b.de\\\/?page_id=11\"]}]},{\"@type\":\"BreadcrumbList\",\"@id\":\"https:\\\/\\\/xn--luli-kchenmontage-72b.de\\\/?page_id=11#breadcrumb\",\"itemListElement\":[{\"@type\":\"ListItem\",\"position\":1,\"name\":\"Home\",\"item\":\"https:\\\/\\\/xn--luli-kchenmontage-72b.de\\\/\"},{\"@type\":\"ListItem\",\"position\":2,\"name\":\"Impressum\"}]},{\"@type\":\"WebSite\",\"@id\":\"https:\\\/\\\/xn--luli-kchenmontage-72b.de\\\/#website\",\"url\":\"https:\\\/\\\/xn--luli-kchenmontage-72b.de\\\/\",\"name\":\"Luli M\u00f6bel &amp; K\u00fcchenmontage\",\"description\":\"\",\"publisher\":{\"@id\":\"https:\\\/\\\/xn--luli-kchenmontage-72b.de\\\/#organization\"},\"potentialAction\":[{\"@type\":\"SearchAction\",\"target\":{\"@type\":\"EntryPoint\",\"urlTemplate\":\"https:\\\/\\\/xn--luli-kchenmontage-72b.de\\\/?s={search_term_string}\"},\"query-input\":{\"@type\":\"PropertyValueSpecification\",\"valueRequired\":true,\"valueName\":\"search_term_string\"}}],\"inLanguage\":\"en-US\"},{\"@type\":\"Organization\",\"@id\":\"https:\\\/\\\/xn--luli-kchenmontage-72b.de\\\/#organization\",\"name\":\"Luli M\u00f6bel &amp; K\u00fcchenmontage\",\"url\":\"https:\\\/\\\/xn--luli-kchenmontage-72b.de\\\/\",\"logo\":{\"@type\":\"ImageObject\",\"inLanguage\":\"en-US\",\"@id\":\"https:\\\/\\\/xn--luli-kchenmontage-72b.de\\\/#\\\/schema\\\/logo\\\/image\\\/\",\"url\":\"https:\\\/\\\/xn--luli-kchenmontage-72b.de\\\/wp-content\\\/uploads\\\/2023\\\/06\\\/logo-luli_page-0001-1.jpg\",\"contentUrl\":\"https:\\\/\\\/xn--luli-kchenmontage-72b.de\\\/wp-content\\\/uploads\\\/2023\\\/06\\\/logo-luli_page-0001-1.jpg\",\"width\":874,\"height\":343,\"caption\":\"Luli M\u00f6bel &amp; K\u00fcchenmontage\"},\"image\":{\"@id\":\"https:\\\/\\\/xn--luli-kchenmontage-72b.de\\\/#\\\/schema\\\/logo\\\/image\\\/\"}}]}<\/script>\n<!-- \/ Yoast SEO plugin. -->","yoast_head_json":{"title":"Impressum - Luli M\u00f6bel &amp; K\u00fcchenmontage","robots":{"index":"index","follow":"follow","max-snippet":"max-snippet:-1","max-image-preview":"max-image-preview:large","max-video-preview":"max-video-preview:-1"},"canonical":"https:\/\/xn--luli-kchenmontage-72b.de\/?page_id=11","og_locale":"en_US","og_type":"article","og_title":"Impressum - Luli M\u00f6bel &amp; K\u00fcchenmontage","og_description":"ImpressumLuli M\u00f6bel &amp; K\u00fcchenmontageKarl-Schloemer-Stra\u00dfe 1458791 WerdohlDeutschland Vertreten durch:Lulzim Ibrahimi Kontakt+49 1575 1775113 E-Mail: lulzim.iibrahimi@hotmail.com Handelsregister-Nr.: &#8212; Berufsbezeichnung und berufsrechtliche RegelungenBerufsbezeichnung:M\u00f6bel &amp; K\u00fcchenmontageVerliehen in: Germany Redaktionell verantwortlichLuli M\u00f6bel &amp; K\u00fcchenmontage EU-StreitschlichtungDie Europ\u00e4ische Kommission stellt eine Plattform zur Online-Streitbeilegung (OS) bereit: https:\/\/ec.europa.eu\/consumers\/odr\/. Unsere E-Mail-Adresse finden Sie oben im Impressum. Verbraucher\u00adstreit\u00adbeilegung\/Universal\u00adschlichtungs\u00adstelleWir sind nicht bereit oder verpflichtet, an Streitbeilegungsverfahren [&hellip;]","og_url":"https:\/\/xn--luli-kchenmontage-72b.de\/?page_id=11","og_site_name":"Luli M\u00f6bel &amp; K\u00fcchenmontage","article_modified_time":"2025-09-15T18:57:47+00:00","twitter_card":"summary_large_image","schema":{"@context":"https:\/\/schema.org","@graph":[{"@type":"WebPage","@id":"https:\/\/xn--luli-kchenmontage-72b.de\/?page_id=11","url":"https:\/\/xn--luli-kchenmontage-72b.de\/?page_id=11","name":"Impressum - Luli M\u00f6bel &amp; K\u00fcchenmontage","isPartOf":{"@id":"https:\/\/xn--luli-kchenmontage-72b.de\/#website"},"datePublished":"2023-06-18T16:55:29+00:00","dateModified":"2025-09-15T18:57:47+00:00","breadcrumb":{"@id":"https:\/\/xn--luli-kchenmontage-72b.de\/?page_id=11#breadcrumb"},"inLanguage":"en-US","potentialAction":[{"@type":"ReadAction","target":["https:\/\/xn--luli-kchenmontage-72b.de\/?page_id=11"]}]},{"@type":"BreadcrumbList","@id":"https:\/\/xn--luli-kchenmontage-72b.de\/?page_id=11#breadcrumb","itemListElement":[{"@type":"ListItem","position":1,"name":"Home","item":"https:\/\/xn--luli-kchenmontage-72b.de\/"},{"@type":"ListItem","position":2,"name":"Impressum"}]},{"@type":"WebSite","@id":"https:\/\/xn--luli-kchenmontage-72b.de\/#website","url":"https:\/\/xn--luli-kchenmontage-72b.de\/","name":"Luli M\u00f6bel &amp; K\u00fcchenmontage","description":"","publisher":{"@id":"https:\/\/xn--luli-kchenmontage-72b.de\/#organization"},"potentialAction":[{"@type":"SearchAction","target":{"@type":"EntryPoint","urlTemplate":"https:\/\/xn--luli-kchenmontage-72b.de\/?s={search_term_string}"},"query-input":{"@type":"PropertyValueSpecification","valueRequired":true,"valueName":"search_term_string"}}],"inLanguage":"en-US"},{"@type":"Organization","@id":"https:\/\/xn--luli-kchenmontage-72b.de\/#organization","name":"Luli M\u00f6bel &amp; K\u00fcchenmontage","url":"https:\/\/xn--luli-kchenmontage-72b.de\/","logo":{"@type":"ImageObject","inLanguage":"en-US","@id":"https:\/\/xn--luli-kchenmontage-72b.de\/#\/schema\/logo\/image\/","url":"https:\/\/xn--luli-kchenmontage-72b.de\/wp-content\/uploads\/2023\/06\/logo-luli_page-0001-1.jpg","contentUrl":"https:\/\/xn--luli-kchenmontage-72b.de\/wp-content\/uploads\/2023\/06\/logo-luli_page-0001-1.jpg","width":874,"height":343,"caption":"Luli M\u00f6bel &amp; K\u00fcchenmontage"},"image":{"@id":"https:\/\/xn--luli-kchenmontage-72b.de\/#\/schema\/logo\/image\/"}}]}},"_hostinger_reach_plugin_has_subscription_block":false,"_hostinger_reach_plugin_is_elementor":false,"_links":{"self":[{"href":"https:\/\/xn--luli-kchenmontage-72b.de\/index.php?rest_route=\/wp\/v2\/pages\/11","targetHints":{"allow":["GET"]}}],"collection":[{"href":"https:\/\/xn--luli-kchenmontage-72b.de\/index.php?rest_route=\/wp\/v2\/pages"}],"about":[{"href":"https:\/\/xn--luli-kchenmontage-72b.de\/index.php?rest_route=\/wp\/v2\/types\/page"}],"author":[{"embeddable":true,"href":"https:\/\/xn--luli-kchenmontage-72b.de\/index.php?rest_route=\/wp\/v2\/users\/1"}],"replies":[{"embeddable":true,"href":"https:\/\/xn--luli-kchenmontage-72b.de\/index.php?rest_route=%2Fwp%2Fv2%2Fcomments&post=11"}],"version-history":[{"count":10,"href":"https:\/\/xn--luli-kchenmontage-72b.de\/index.php?rest_route=\/wp\/v2\/pages\/11\/revisions"}],"predecessor-version":[{"id":476,"href":"https:\/\/xn--luli-kchenmontage-72b.de\/index.php?rest_route=\/wp\/v2\/pages\/11\/revisions\/476"}],"wp:attachment":[{"href":"https:\/\/xn--luli-kchenmontage-72b.de\/index.php?rest_route=%2Fwp%2Fv2%2Fmedia&parent=11"}],"curies":[{"name":"wp","href":"https:\/\/api.w.org\/{rel}","templated":true}]}}